lse
Let n(p) = 31*p**3 - 2*p**2 + 2*p - 1. Does 10 divide n(1)?
True
Let r = 8 - 11. Let b(a) = 5*a**2 - a - 4. Does 22 divide b(r)?
True
Let x(l) = -l**2 + 7*l - 4. Let p be x(5). Is 4 a factor of p/(-15) - 114/(-10)?
False
Suppose 0 = 5*l + 3*y + y - 390, 0 = -3*y. Does 7 divide l?
False
Suppose 5*x + 15 = 0, 10 - 82 = -y + 3*x. Is y a multiple of 11?
False
Let v(o) = 2*o**2 + 4 - 13*o + 4*o - 2 - o**2. Let r be v(7). Let n = 17 - r. Is 20 a factor of n?
False
Suppose z + b - 14 = 0, 5*z - 53 = -2*b + 29. Suppose y = -5*o + z, 9*o = y + 4*o - 18. Is 9 a factor of y?
True
Let p = 105 + -67. Is p a multiple of 33?
False
Let s(z) = -4*z**3 + z**2 - 3*z. Let v(q) = -q**3 - q. Let h(r) = -s(r) + 3*v(r). Let t be h(-1). Let m(l) = -l**3 + l**2 + 2. Does 7 divide m(t)?
True
Let o(n) = 2*n**2 + 3*n. Is o(-6) a multiple of 10?
False
Let j(p) = -4*p - p**2 + 3*p - 6*p + 0*p + 8. Let c be j(-6). Let h = c - -19. Is 12 a factor of h?
False
Let t = 0 - 4. Let o be (2 + 0)*(-6)/t. Is 2*8*(o + -2) a multiple of 10?
False
Does 15 divide (-15 + -1 - -1)/(3/(-27))?
True
Let j = -17 - -18. Let h(n) be the second derivative of 21*n**5/20 - n**4/12 + n**3/6 - n. Does 8 divide h(j)?
False
Let o = 145 + -81. Is o a multiple of 21?
False
Suppose t + 26 = -3*j, 5*t - 3*t + 2*j + 32 = 0. Let i = t - -19. Is 3 a factor of i?
False
Suppose -4*g - v + 133 = 0, -2*g = 3*g + 2*v - 164. Let p = 30 + g. Is p a multiple of 24?
False
Suppose -7*g + 3*g = 2*t + 146, -3*t = -4*g + 189. Let b = -34 - t. Does 9 divide b?
False
Does 14 divide ((-2)/(-20)*16)/((-2)/(-140))?
True
Let w = 104 + -42. Is w a multiple of 17?
False
Let j be 16/9 - 4/(-18). Suppose -j*m - 2*l = -8, -4*l - 5 = -9*l. Suppose -a - 5*c = 2*a - 76, m*a - 78 = -3*c. Is 9 a factor of a?
True
Is (-51)/(-2*3/4) a multiple of 17?
True
Let r = -4 - -5. Is 0/r + 54/3 a multiple of 9?
True
Let c(p) = -19*p + 1. Let i be c(-2). Let w be 1/(3/i) - 1. Suppose 3*h - w = -0*h. Is h even?
True
Let f(z) = 19*z**2 + 4*z. Is 12 a factor of f(2)?
True
Let p(b) = -15*b + 1. Let x be p(-5). Suppose -5*o = -t - 247, -8 = -o + t + 39. Let k = x - o. Is 13 a factor of k?
True
Let f be ((-4)/(-8))/(1/4). Let q = 6 - f. Suppose 3*v + 3*l - 60 = 0, v = q*l + 6 + 4. Does 7 divide v?
False
Suppose -178 = -3*t + 110. Does 12 divide t?
True
Is 15 a factor of 92/6 + (-5)/15?
True
Let u be 2/7 - (-104)/28. Suppose u*d - 32 = -0*d. Let h = -5 + d. Is h even?
False
Let l(j) = j**3 - 4*j**2 + j. Let o be l(4). Suppose 0 = -5*f + h + 166, -3*h + 140 = o*f - 2*h. Does 17 divide f?
True
Suppose 6*z - 10 = 2. Let b be 1178/8 + (-3)/12. Suppose -5*y = z*p - 233, -3*y - 2*p - p + b = 0. Is y a multiple of 15?
True
Let t = -3 + -1. Suppose 3*h - 23 = -5*b + b, h - 1 = -3*b. Let l = h + t. Is 9 a factor of l?
True
Let s(y) = -28*y - 6. Let l(j) = 391*j + 85. Let z(p) = -6*l(p) - 85*s(p). Is z(1) a multiple of 17?
True
Let y = 72 + -27. Does 14 divide y?
False
Suppose 4*l - 4*i - 264 = 0, -205 = -3*l - 0*l - 4*i. Is 12 a factor of l?
False
Suppose -g + 5*x + 7 = 2*g, 0 = -2*g + 3*x + 5. Suppose 0 = 2*n - 2, 9*c - g*n - 91 = 4*c. Is c a multiple of 18?
False
Let i(v) = v**2 - 2*v - 1. Let x be i(2). Is 0 + 25 + -3 + x a multiple of 8?
False
Suppose 2*z - 1 = -5*q, q - 3*q - 3*z + 7 = 0. Let g be -2*1/2*q. Is 20 a factor of (-7 - g)/(1/(-5))?
True
Suppose -y - 36 = -4*y. Let z be (-75)/y*(-4)/1. Suppose -2*k = 5*o - z, o - k = 3*k + 27. Is o a multiple of 3?
False
Let o = 18 - 11. Is o a multiple of 7?
True
Let q = 2 + -12. Is (-3)/15 - 462/q a multiple of 23?
True
Let m be ((-6)/15)/((-2)/10). Suppose -70 = -4*p - 3*i + 14, -m*p + 40 = i. Does 18 divide p?
True
Suppose -3*m = m + j - 395, 5*j - 505 = -5*m. Is m a multiple of 11?
False
Is 12 + (-3 - -6) + -3 a multiple of 6?
True
Suppose -5*v - 2 - 70 = -4*z, 0 = 4*z - v - 72. Suppose -4*f = -0 + 12. Is 8 a factor of -2 + 0/f + z?
True
Suppose -5*l + 798 = -p, -p = 4*l - 0*l - 633. Does 9 divide l?
False
Suppose -24 = -0*i - 2*i. Is i a multiple of 8?
False
Let b(m) = m**2 + 5*m - 9. Let g be b(-7). Let t = 18 - g. Is t a multiple of 13?
True
Let r(b) = 16*b + 1. Does 7 divide r(2)?
False
Suppose 0 = -u - 5*p + 43 + 26, 5*u = -3*p + 235. Is u a multiple of 22?
True
Let n(z) = z**3 - 2*z**2 - 2*z + 94. Does 11 divide n(0)?
False
Let i(x) be the first derivative of -2*x**3/3 - 3*x - 2. Let d be i(3). Is (-2)/(d/(-11) + -2) a multiple of 11?
True
Let u = 402 + -221. Is u a multiple of 8?
False
Let c(n) = 2*n**2 + n + 1. Suppose 3 = -4*j - 5. Is c(j) a multiple of 7?
True
Suppose -v + 159 = 2*s + 2*s, -4*v = 4. Suppose 4*d = -3*p + 308, -4*d - s = -p + 84. Does 36 divide p?
True
Suppose 4*r = -5*m + 335, -2*m + m = -3*r - 48. Is m a multiple of 13?
False
Is 5 + -1 + -1 + 42 a multiple of 14?
False
Let x(z) = z**3 + 3*z**2 + 1. Let l be x(-3). Let q be (-2 - l)/((-1)/(-5)). Let p = q - -23. Does 3 divide p?
False
Suppose 2*l + 0 - 4 = 0. Suppose -5*s = 25, x + s = 7 + l. Is x a multiple of 7?
True
Let j(f) be the third derivative of -5*f**4/12 - 3*f**2. Suppose -5*u = -3*d - d + 11, 2*u + 3 = 3*d. Is 10 a factor of j(d)?
True
Suppose -2*m + 7 = -5. Is 2/m - 34/(-6) a multiple of 3?
True
Let r(l) be the third derivative of -l**5/60 + l**4/3 - 3*l**3/2 - 3*l**2. Let n be r(6). Suppose -2*q - n + 15 = 0. Is 6 a factor of q?
True
Does 27 divide (-18)/4*-1*18?
True
Let k(i) = 2*i + 4. Let a be k(4). Suppose a + 6 = c. Does 9 divide c?
True
Suppose -2*a + 12 = -2*m, 4*a - 8*a + 2*m + 16 = 0. Suppose -3*n - 37 = -2*v - a*n, -22 = -2*v - 2*n. Does 11 divide v?
False
Let o = -8 + 18. Let m be (-2)/o - (-1151)/5. Suppose 2*t = -5*x + m, 4*t - 162 = -4*x + 10. Is 17 a factor of x?
False
Let q(o) = -o**3 + 4*o**2 - o + 4. Let c be q(3). Suppose 5*a - 6 = 2*a, 4*n - c = -a. Suppose 0 = -n*k + 5*k - 24. Does 3 divide k?
False
Suppose 3*w - 15 = 2*q + 3*q, w - 5 = q. Suppose -25 = -w*h - 0*h. Does 3 divide h?
False
Let v(b) = -b**2 + 12*b + 4. Let i be v(13). Let u = i + 23. Is u a multiple of 14?
True
Suppose 58 = -0*t + t. Suppose 2*f + 0*f + 2*b = 44, -3*f = -5*b - t. Suppose 0 = l + u - f, 22 + 46 = 3*l - 2*u. Does 11 divide l?
True
Let f = -20 + 29. Does 5 divide f?
False
Let t = 1 + 2. Suppose -2*p = -x - t*p - 1, 0 = -2*x + 3*p + 18. Suppose -4*f + 3*i + 1 = -62, 0 = x*f + 3*i - 42. Does 5 divide f?
True
Is ((-10385)/(-11))/5 - 4/(-22) a multiple of 27?
True
Let y = -3 + 10. Suppose -4*l = -y*l - 63. Is -1 - -3 - 3 - l a multiple of 12?
False
Suppose 376 = 5*c - 74. Does 19 divide c?
False
Let h(n) = 13*n + 7. Let y be (4/8)/((-1)/(-6)). Does 23 divide h(y)?
True
Let v = 18 - 6. Does 3 divide ((-2)/(-3))/(v/54)?
True
Suppose -2*u = -0*u - r - 17, 5*u - r = 35. Is u even?
True
Suppose 162 = -7*c + 10*c. Is (c/15)/(8/20) a multiple of 7?
False
Suppose -2*q + 3*n + 60 = -13, 15 = 5*n. Is 14 a factor of q?
False
Let r(u) = -3*u**2 - 5*u + 15. Let d(j) = 7*j**2 + 11*j - 30. Let n(x) = 4*d(x) + 9*r(x). Is 15 a factor of n(0)?
True
Suppose 0 = -j - 3*p - 409, j - 3*j = -5*p + 851. Is 10/(-45) - j/18 a multiple of 23?
True
Let u = 39 - -182. Is 43 a factor of u?
False
Let f be (1 - 2)/(4/24). Is 9 a factor of (-18)/(-15)*(-80)/f?
False
Suppose 5*f + h = -2*h + 48, -f = h - 8. Let w = 0 + f. Is 11 a factor of w?
False
Let n(k) be the first derivative of -11*k**6/120 - k**5/60 + 3*k**2/2 + 3. Let s(w) be the second derivative of n(w). Is s(-1) a multiple of 9?
False
Suppose 7*a = 2*a - 200. Let w = -16 - a. Suppose 3*f - 40 = 2*t, -t + w + 33 = 4*f. Is 7 a factor of f?
True
Does 8 divide (-9 - -1)*(1 - 3)?
True
Suppose -l + 3*x + 105 = 0, -2*x + 8 = -2. Does 10 divide l?
True
Is -195*(-2)/6*1 a multiple of 19?
False
Let t(r) = 8 - r - 1 - r**2 + 5. Suppose -4*p = -3*p. Is t(p) a multiple of 11?
False
Suppose -165*q = -160*q - 870. Is q a multiple of 29?
True
Let z be 4*(1045/4)/5. Suppose -i + z = 4*i + t, i + 2*t - 49 = 0. Let k = i + -24. Is 13 a factor of k?
False
Suppose -4*d + 76 = 2*r, -2*d - 2 = -0. Is r a multiple of 8?
True
Suppose -t = 5*i + 15, -3*t + 0*t + 4*i + 31 = 0. Suppose y + 1 = -t. Let b = y + 52. Is 12 a factor of b?
False
Suppose 76 = r - 4*a, 4*r + 6*a - 2*a - 204 = 0. Is 14 a factor of r?
True
Let p = -231 - -350. Let b = p + -53. Is b a multiple of 23?
False
Let d(k) = 8*k**2 + 1. Let o be d(-1). S